38330892 and 19485?
3897
What is the highest common factor of 27479662 and 266?
266
Calculate the greatest common divisor of 82818 and 122292.
774
What is the greatest common divisor of 4155 and 93710485?
1385
Calculate the greatest common divisor of 25542 and 883564.
946
Calculate the greatest common divisor of 459 and 136221.
51
What is the highest common factor of 12171867 and 2739?
249
What is the greatest common factor of 601225 and 175?
25
What is the highest common factor of 78980 and 34236035?
1795
Calculate the greatest common factor of 204036 and 112428.
4164
Calculate the greatest common divisor of 45 and 193479579.
9
What is the highest common factor of 132099 and 22?
11
What is the greatest common factor of 276758 and 45298?
142
Calculate the highest common factor of 282069176 and 656.
328
Calculate the highest common divisor of 2522 and 2896244.
26
What is the greatest common factor of 83081598 and 12?
6
What is the greatest common factor of 1331976 and 5009768?
3496
Calculate the highest common divisor of 9541364 and 148106.
2086
Calculate the highest common factor of 63 and 554006124.
63
What is the greatest common divisor of 274455864 and 11664?
1944
Calculate the highest common divisor of 179301 and 1222008.
177
Calculate the highest common divisor of 41312758 and 106.
106
Calculate the highest common factor of 37030 and 2004772.
322
What is the greatest common factor of 724 and 6759264?
724
What is the greatest common divisor of 1415974 and 280?
14
Calculate the highest common divisor of 105804 and 11.
1
What is the highest common divisor of 6580 and 10680656?
1316
Calculate the greatest common factor of 152 and 8936726.
38
Calculate the greatest common divisor of 1730721 and 32469.
411
What is the greatest common divisor of 22196 and 84692?
124
What is the greatest common divisor of 40 and 720930?
10
Calculate the greatest common divisor of 87 and 1908946344.
87
Calculate the highest common divisor of 929798 and 5290.
46
What is the highest common factor of 5022 and 17134551?
27
What is the highest common divisor of 4181 and 17679673?
37
Calculate the highest common factor of 574077920 and 832.
416
What is the highest common factor of 1408 and 3879104?
64
What is the highest common divisor of 13064 and 89976?
184
Calculate the highest common divisor of 504560 and 105140.
140
What is the greatest common factor of 405 and 9360603?
81
What is the highest common divisor of 894 and 842744?
298
What is the highest common factor of 615 and 49408950?
15
What is the highest common factor of 117 and 9644609?
13
Calculate the greatest common factor of 9108 and 107134368.
3036
Calculate the highest common divisor of 9 and 98428662.
9
What is the greatest common factor of 29075 and 850075?
25
What is the highest common divisor of 912 and 5472752?
16
What is the highest common factor of 291744 and 1712?
16
Calculate the highest common factor of 79926 and 8274.
42
What is the highest common factor of 369 and 19441298?
41
What is the highest common divisor of 5842 and 1792109446?
5842
What is the greatest common divisor of 60090 and 1314?
6
What is the highest common divisor of 16692180 and 72?
12
What is the greatest common factor of 88 and 1480004?
4
What is the greatest common factor of 9444 and 225942978?
4722
What is the highest common divisor of 866 and 89766962?
866
What is the highest common divisor of 244993 and 15624?
217
What is the greatest common divisor of 275590 and 116840?
1270
What is the highest common divisor of 31206 and 11970?
42
What is the highest common factor of 23472 and 19713872?
2608
Calculate the greatest common divisor of 23226 and 22436.
158
What is the highest common divisor of 62131868 and 4?
4
What is the highest common divisor of 69644508 and 37?
37
Calculate the highest common divisor of 4764437 and 30753.
1139
What is the greatest common factor of 204611805 and 297?
27
What is the greatest common factor of 1434570 and 1270?
10
Calculate the highest common factor of 248205485 and 11.
11
Calculate the highest common factor of 369227316 and 3.
3
What is the highest common factor of 22979148 and 16956?
1884
What is the highest common divisor of 440111 and 6587?
7
Calculate the greatest common divisor of 955906 and 2674.
14
Calculate the highest common divisor of 21828450 and 2170.
70
Calculate the greatest common divisor of 7 and 41037864.
7
What is the highest common divisor of 1234464256 and 32?
32
Calculate the greatest common factor of 19630198 and 14.
14
Calculate the greatest common divisor of 7991 and 1829153.
131
Calculate the greatest common divisor of 11896883 and 219.
73
What is the highest common divisor of 5468 and 4592?
4
What is the highest common factor of 376401 and 148407?
111
What is the greatest common divisor of 224 and 1209698?
14
What is the greatest common divisor of 6418587 and 4347?
483
What is the highest common divisor of 14591545 and 46345?
3565
Calculate the greatest common divisor of 175898 and 1209826.
74
What is the highest common divisor of 56580 and 67076?
164
Calculate the greatest common factor of 4935 and 21943125.
705
Calculate the highest common factor of 374 and 10956.
22
What is the highest common factor of 136 and 122362532?
68
Calculate the greatest common factor of 5094 and 12197583.
2547
What is the highest common factor of 31758924 and 72?
12
What is the highest common divisor of 153981 and 9639?
81
Calculate the greatest common divisor of 178959 and 178772.
187
Calculate the greatest common factor of 141283488 and 16.
16
What is the highest common divisor of 49820 and 686880?
1060
What is the greatest common divisor of 6649 and 18190574?
109
Calculate the greatest common divisor of 99544656 and 8041.
731
What is the greatest common divisor of 111480 and 113040?
120
Calculate the highest common divisor of 93 and 4914337.
31
What is the highest common divisor of 162230150 and 2060?
1030
What is the highest common divisor of 100161210 and 20?
10
What is the highest common factor of 648 and 35676774?
162
Calculate the highest common divisor of 1035 and 7883250.
345
Calculate the highest common factor of 8721 and 16206696.
513
What is the highest common factor of 142667941 and 494?
247
Calculate the greatest common divisor of 613829445 and 370.
185
What is the greatest common divisor of 438 and 327672472?
146
Calculate the greatest common factor of 2433 and 13427727.
2433
What is the greatest common divisor of 282 and 477516?
6
What is the greatest common factor of 396 and 20989485?
99
Calculate the greatest common divisor of 81007269 and 21.
21
What is the highest common divisor of 5317 and 491296?
13
Calculate the highest common factor of 100894 and 21502.
1654
What is the highest common divisor of 658048 and 917038?
194
What is the highest common divisor of 1324764 and 220500?
1764
Calculate the greatest common factor of 5112 and 1224204.
12
Calculate the highest common divisor of 288 and 3284532.
36
Calculate the greatest common factor of 125314 and 71806.
14
What is the highest common divisor of 2425 and 4200585?
485
Calculate the greatest common divisor of 603902263 and 977.
977
What is the highest common divisor of 87160965 and 15?
15
Calculate the highest common divisor of 16528172 and 16.
4
What is the highest common factor of 3828 and 141094976?
1276
What is the greatest common factor of 10554953 and 115?
23
Calculate the greatest common divisor of 28 and 134252118.
14
Calculate the greatest common factor of 233739 and 1938222.
297
Calculate the greatest common factor of 17331 and 44799.
327
Calculate the greatest common divisor of 2400 and 364605.
15
What is the greatest common factor of 706353395 and 113?
113
What is the highest common divisor of 52414443 and 7335?
1467
Calculate the greatest common divisor of 23752832 and 256.
128
What is the greatest common factor of 149364 and 538?
2
Calculate the greatest common factor of 728143 and 114392.
79
What is the highest common factor of 766 and 68712115?
383
Calculate the highest common divisor of 4361 and 4025595.
49
Calculate the highest common divisor of 743306 and 956186.
1774
What is the highest common factor of 20772 and 71339703?
1731
What is the greatest common factor of 2475 and 35773425?
225